 Calculate the greatest common divisor of l and 34.
17
Suppose 0*b - 4 = -b. Suppose 0 = -b*z - 0 - 4. Let n be (1 - z) + (119 - 1). Calculate the highest common divisor of 15 and n.
15
Let s = 170 - 74. Calculate the highest common factor of 144 and s.
48
Let j = 1 + 7. Suppose -2*q = 2*b - 182, -5*q + b + 261 = -2*q. What is the greatest common factor of j and q?
8
Let f be (-3)/(-2)*512/24. What is the highest common divisor of f and 64?
32
Suppose o = 4*n + n - 285, 0 = -2*n + 4*o + 132. Let p = 23 + -15. Calculate the highest common factor of p and n.
8
Suppose 444 = 2*f - 108. Let m = f + -172. Let x be m/(-6)*(-4 - -1). What is the greatest common factor of x and 13?
13
Let c(n) = n**3 - n**2 - 2*n - 4. Let z be c(3). Let y(v) = v**2 + 9*v + 3. Let h be y(-7). Let a = 1 - h. Calculate the greatest common divisor of z and a.
4
Let n be 9/24*4*2. Suppose -59 - 23 = -2*u - n*q, -2*u + 80 = 4*q. Let w(s) = -2*s + 3. Let v be w(-4). Calculate the highest common divisor of v and u.
11
Let b be 4/(-14) - (-396)/14. Let d = -47 + b. Let r = d - -39. What is the highest common divisor of 5 and r?
5
Let m = 18 - 13. Calculate the greatest common factor of m and 5.
5
Let i be 122/6 + (-2)/(-3). Suppose 10*n - 8*n + p - 7 = 0, -19 = -5*n - 4*p. Calculate the greatest common factor of i and n.
3
Let f(a) = 61*a - 1. Let s be f(-4). Suppose p + 2*u - 306 = 85, 4*u - 1171 = -3*p. Let k = p + s. What is the highest common divisor of k and 18?
18
Suppose 0 = -5*i + l - 31, -2*l + 4*l + 22 = -4*i. Let q be 1*(3 + 0) - i. Let w be (-161 + -1)*(-2)/4. Calculate the greatest common factor of w and q.
9
Let z = -225 - -372. Let v(r) = -7*r**2 - r + 5. Let x be v(-4). Let y be x/(-5) + 2/5. What is the greatest common divisor of y and z?
21
Suppose 5*d = -0*d + 185. Let w be (1 - d)*(-1)/2. What is the highest common factor of 18 and w?
18
Let c = -5 + 13. Suppose 2*s - 88 = -4*p - 0*s, 0 = s - 4. What is the highest common divisor of p and c?
4
Suppose 4*w - 140 = 2*w. Calculate the highest common factor of 10 and w.
10
Suppose 4*g + 136 = -16. Let p = g + 55. Let u be (-2)/(1/(187/(-2))). What is the highest common divisor of u and p?
17
Let g(p) be the second derivative of -p**3/3 - 3*p**2 + 2*p. Let m be g(-7). What is the highest common divisor of 8 and m?
8
Let t(p) = 2*p - 4 - p - 6*p. Let n(q) = -q**2 + 37*q - 74. Let r be n(35). Let s be t(r). What is the highest common divisor of 144 and s?
16
Let z = 210 - 122. What is the highest common divisor of 8 and z?
8
Let l be 1*-3 - 5/(-1). Suppose 0 = z + 2*z + 2*a - 36, -26 = -l*z - 2*a. Suppose 3*b - 168 + 48 = 0. What is the highest common divisor of b and z?
10
Let o(c) = c - 18. Let y be o(8). Let g be ((-80)/(-3))/(y/(-30)). Suppose 2*f - 3*t = 5, 2*f + 3*t - 2 = 33. Calculate the highest common factor of g and f.
10
Let y(b) = b**3 - b + 1. Let w be y(0). Let f = w + 9. Calculate the greatest common divisor of 30 and f.
10
Suppose 2*q - 3*q = -36. Let y = q - 18. Calculate the highest common factor of y and 2.
2
Let j be 2/11 + 7032/44. Calculate the highest common divisor of j and 64.
32
Let j = 238 - 13. Calculate the highest common factor of j and 9.
9
Suppose 0 = 3*n - 0*t - 4*t - 42, -4*n + 31 = 3*t. Calculate the greatest common divisor of 15 and n.
5
Let h = 33 - 12. Calculate the highest common divisor of 63 and h.
21
Suppose -4*w + 10 = -102. Let j = 23 - 41. Let u = j + w. What is the greatest common factor of u and 5?
5
Let w be -6 - 10*8/(-4). What is the greatest common factor of 70 and w?
14
Suppose 0*p = 3*p - 18. Suppose p = -z + 2*z. Suppose 138 = -5*u + 378. Calculate the highest common divisor of z and u.
6
Let f(a) = 14*a**3 - a**2 + a - 1. Let m be f(1). Let h(q) = q - 7. Let s be h(m). Let r = -137 + 203. What is the highest common factor of r and s?
6
Let x = 0 - -24. What is the greatest common divisor of 3 and x?
3
Let t be (-20)/8*(-56)/10. What is the greatest common divisor of 28 and t?
14
Let y be (4/10)/((-1)/(-10)). Suppose n - y = -n. Calculate the highest common factor of 10 and n.
2
Let u = 11 + -4. What is the highest common divisor of u and 35?
7
Suppose 2*j + 0 = 20. Suppose -j = -3*x + x. Calculate the highest common divisor of x and 10.
5
Let t(d) = -69*d - 3. Let w be t(-3). What is the greatest common factor of w and 12?
12
Let w(u) = -u**2 - 9. Let p(i) = -i**2 - i - 10. Let f(q) = 2*p(q) - 3*w(q). Let m be f(-6). What is the greatest common factor of m and 11?
11
Suppose 112 = 5*q - 83. What is the highest common divisor of q and 13?
13
Let l = -16 + 23. What is the highest common divisor of l and 1?
1
Let k be 74/6 + -2 + 10/6. What is the greatest common divisor of 84 and k?
12
Let z = 16 + -14. Suppose 22 = -0*w + z*w. Calculate the greatest common factor of 55 and w.
11
Suppose -8*w - 2 = -9*w. Let j be 0 + (-4 - -2 - -8). Calculate the greatest common factor of w and j.
2
Suppose 0*r + 2*r - 28 = 0. Let x be (-1 + (-4)/(-3))*6. Let t be 1/x + 54/4. Calculate the highest common factor of r and t.
14
Let a = 208 - 96. Suppose -2*n = -30 + 2. What is the highest common divisor of a and n?
14
Suppose -j + 2 + 13 = 0. Calculate the highest common divisor of j and 15.
15
Let d(m) = -m**3 + 11*m**2 + 2*m - 6. Let k be d(11). What is the greatest common divisor of 40 and k?
8
Let g(u) = -4*u + 3. Let l be g(2). Let f = 0 + l. Let c be 5/1*(-18)/f. What is the greatest common divisor of c and 12?
6
Let x = -96 - -176. What is the greatest common divisor of x and 10?
10
Suppose -32 + 212 = 6*g. Calculate the greatest common divisor of g and 90.
30
Let x be -4 + 0 + 241 + 3. What is the greatest common factor of x and 30?
30
Suppose 180 = 2*a - 3*b - 2*b, b = 3*a - 270. Calculate the highest common divisor of 60 and a.
30
Let k be -5 - -6 - (-100)/(-2). Let b = 214 + k. Calculate the greatest common divisor of 15 and b.
15
Suppose -i - 4*i = -60. Calculate the greatest common divisor of 36 and i.
12
Suppose -61 = -4*g + 59. Let j be 250/g + (-4)/(-6). Calculate the highest common factor of j and 99.
9
Suppose -4*g + r = -560, r = 5*g - 2*r - 700. Suppose 0 = -4*k - 5*j + 105, 44*k = 41*k + 5*j + 35. What is the highest common divisor of k and g?
20
Let q(j) = -j**3 - 2*j**2 + 2*j + 29. Let t be q(0). Calculate the greatest common divisor of t and 116.
29
Let z(b) = 8*b + 8. Let w be z(5). Calculate the greatest common factor of w and 32.
16
Suppose -480 = 3*n - 8*n. Calculate the greatest common factor of n and 8.
8
Let m = -18 + 33. Calculate the greatest common factor of 30 and m.
15
Suppose 2*v - 10*v + 272 = 0. What is the greatest common factor of 374 and v?
34
Let w(f) = f**2 + 3*f + 4. Let m be w(-5). Suppose p - m = -50. Let t be 106/12 + (-6)/p. Calculate the highest common factor of 63 and t.
9
Let o(b) = b**3 + 3*b**2 - 2*b - 9. Let n be o(4). What is the greatest common divisor of 19 and n?
19
Suppose 0 = p + 12*p - 221. Calculate the highest common divisor of 187 and p.
17
Suppose w - 25 = 4*q, -4*q + 6 = -3*w + 49. What is the highest common divisor of w and 18?
9
Let o = -11 - -21. Calculate the greatest common divisor of 110 and o.
10
Let p be 28/(-2)*8/(-16). Let j(h) = h**3 - 4*h**2 - 4*h - 4. Let q be j(p). Suppose -5*x = -q - 65. What is the highest common divisor of x and 54?
18
Let f be 210/(-9)*(-96)/40. Let l be -1 + 11 + 0 - 3. Calculate the greatest common divisor of f and l.
7
Let n = 7 + -4. Let m = 3 - -69. Suppose n*i - 16 = 5*z, -5*i = -2*z + 5*z - m. Calculate the highest common factor of 12 and i.
12
Suppose -13 - 2 = -v. Let a be 1/(1/v) - 0. Let r = -252 + 387. Calculate the highest common factor of a and r.
15
Suppose 0*h + 3*h - 18 = 3*q, 5*q - 18 = -h. Calculate the highest common factor of 20 and h.
4
Let t(y) = -9*y - 22. Let k be t(-4). Calculate the greatest common divisor of 28 and k.
14
Let u(v) = -2*v + 2. Let c be u(-2). Let j = -25 - -49. Calculate the greatest common divisor of c and j.
6
Let y be 2/(-19) - ((-232)/38 - 5). Let g be (-3)/(-1)*(-44)/(-6). Calculate the greatest common factor of y and g.
11
Let n = 64 + -22. What is the greatest common divisor of n and 7?
7
Let w(a) = a**2 + 5*a + 2. Let u be w(-6). Suppose -2*v + 4*j + u = 0, -5*v + 0*j = -2*j - 52. Calculate the greatest common divisor of 24 a